{"id":3636,"date":"2025-12-11T19:15:44","date_gmt":"2025-12-11T19:15:44","guid":{"rendered":"https:\/\/web.somdelbarri.es\/?page_id=3636"},"modified":"2025-12-17T22:44:03","modified_gmt":"2025-12-17T22:44:03","slug":"olles","status":"publish","type":"page","link":"https:\/\/web.somdelbarri.es\/?page_id=3636","title":{"rendered":"Olles"},"content":{"rendered":"<ul class=\"wp-block-latest-posts__list wp-block-latest-posts\"><li><div class=\"wp-block-latest-posts__featured-image alignleft\"><img width=\"120\" height=\"150\" src=\"https:\/\/web.somdelbarri.es\/wp-content\/uploads\/2025\/12\/Lunes-13-martes-14-Recoge-una-cena-rica-y-sabrosa-por-1E-tu-racion-400gr-de-crema-de-Calabaza.jpg\" class=\"attachment-thumbnail size-thumbnail wp-post-image\" alt=\"\" decoding=\"async\" loading=\"lazy\" style=\"max-width:113px;max-height:113px;\" \/><\/div><a class=\"wp-block-latest-posts__post-title\" href=\"https:\/\/web.somdelbarri.es\/?p=3714\">13-14\/10\/2025 &#8211; Crema de Calabaza<\/a><div class=\"wp-block-latest-posts__post-excerpt\">Lunes 13, martes 14 Recoge una cena rica y sabrosa, por 1\u20ac tu raci\u00f3n 400gr de crema de Calabaza \ud83d\ude0b<\/div><\/li>\n<li><div class=\"wp-block-latest-posts__featured-image alignleft\"><img width=\"119\" height=\"150\" src=\"https:\/\/web.somdelbarri.es\/wp-content\/uploads\/2025\/12\/Haz-tu-reserva-no-te-quedes-sin-\ud83d\ude0b-mensaje-por-DM-\ud83d\udce5.jpg\" class=\"attachment-thumbnail size-thumbnail wp-post-image\" alt=\"\" decoding=\"async\" loading=\"lazy\" style=\"max-width:113px;max-height:113px;\" \/><\/div><a class=\"wp-block-latest-posts__post-title\" href=\"https:\/\/web.somdelbarri.es\/?p=3681\">11\/07\/2025 \u2013 Mandonguilles veganes<\/a><div class=\"wp-block-latest-posts__post-excerpt\"><\/div><\/li>\n<li><div class=\"wp-block-latest-posts__featured-image alignleft\"><img width=\"150\" height=\"150\" src=\"https:\/\/web.somdelbarri.es\/wp-content\/uploads\/2025\/12\/image-5-150x150.png\" class=\"attachment-thumbnail size-thumbnail wp-post-image\" alt=\"\" decoding=\"async\" loading=\"lazy\" style=\"max-width:113px;max-height:113px;\" \/><\/div><a class=\"wp-block-latest-posts__post-title\" href=\"https:\/\/web.somdelbarri.es\/?p=3678\">27\/06\/2025 \u2013 Amanida de llenties<\/a><div class=\"wp-block-latest-posts__post-excerpt\"><\/div><\/li>\n<li><div class=\"wp-block-latest-posts__featured-image alignleft\"><img width=\"150\" height=\"150\" src=\"https:\/\/web.somdelbarri.es\/wp-content\/uploads\/2025\/12\/image-4-150x150.png\" class=\"attachment-thumbnail size-thumbnail wp-post-image\" alt=\"\" decoding=\"async\" loading=\"lazy\" style=\"max-width:113px;max-height:113px;\" \/><\/div><a class=\"wp-block-latest-posts__post-title\" href=\"https:\/\/web.somdelbarri.es\/?p=3675\">13\/06\/2025 \u2013 Olla de vichyssoise<\/a><div class=\"wp-block-latest-posts__post-excerpt\">Esta semana a la rica Vichyssoise, no te quedes sin \ud83d\ude0b<\/div><\/li>\n<li><div class=\"wp-block-latest-posts__featured-image alignleft\"><img width=\"150\" height=\"150\" src=\"https:\/\/web.somdelbarri.es\/wp-content\/uploads\/2025\/12\/image-3-150x150.png\" class=\"attachment-thumbnail size-thumbnail wp-post-image\" alt=\"\" decoding=\"async\" loading=\"lazy\" style=\"max-width:113px;max-height:113px;\" \/><\/div><a class=\"wp-block-latest-posts__post-title\" href=\"https:\/\/web.somdelbarri.es\/?p=3672\">06\/06\/2025 \u2013 Olla de calabac\u00edn<\/a><div class=\"wp-block-latest-posts__post-excerpt\">Buenisima crema de calabac\u00edn este viernes en la cuina comunitaria de 9B. Te esperamos!!!\ud83d\ude0b\ud83d\ude0b<\/div><\/li>\n<li><div class=\"wp-block-latest-posts__featured-image alignleft\"><img width=\"150\" height=\"150\" src=\"https:\/\/web.somdelbarri.es\/wp-content\/uploads\/2025\/12\/image-2-150x150.png\" class=\"attachment-thumbnail size-thumbnail wp-post-image\" alt=\"\" decoding=\"async\" loading=\"lazy\" style=\"max-width:113px;max-height:113px;\" \/><\/div><a class=\"wp-block-latest-posts__post-title\" href=\"https:\/\/web.somdelbarri.es\/?p=3668\">30\/05\/2025 \u2013 Gaspatxo<\/a><div class=\"wp-block-latest-posts__post-excerpt\"><\/div><\/li>\n<li><div class=\"wp-block-latest-posts__featured-image alignleft\"><img width=\"120\" height=\"150\" src=\"https:\/\/web.somdelbarri.es\/wp-content\/uploads\/2025\/12\/497508785_1379826466541760_4216340043654840271_n.jpeg\" class=\"attachment-thumbnail size-thumbnail wp-post-image\" alt=\"\" decoding=\"async\" loading=\"lazy\" style=\"max-width:113px;max-height:113px;\" \/><\/div><a class=\"wp-block-latest-posts__post-title\" href=\"https:\/\/web.somdelbarri.es\/?p=3665\">15\/05\/2025 &#8211; Taboule<\/a><div class=\"wp-block-latest-posts__post-excerpt\">Esta semana nueva receta,ensalada de cous cous con garbanzos cocidos en nuestra marmita, con verduras y hierbas frescas.Ven a probarla,trae tu tupper \ud83d\ude0a\ud83d\ude0b\ud83d\ude0b<\/div><\/li>\n<li><div class=\"wp-block-latest-posts__featured-image alignleft\"><img width=\"120\" height=\"150\" src=\"https:\/\/web.somdelbarri.es\/wp-content\/uploads\/2025\/12\/495982366_718603227496190_4263397498649711948_n.jpeg\" class=\"attachment-thumbnail size-thumbnail wp-post-image\" alt=\"\" decoding=\"async\" loading=\"lazy\" style=\"max-width:113px;max-height:113px;\" \/><\/div><a class=\"wp-block-latest-posts__post-title\" href=\"https:\/\/web.somdelbarri.es\/?p=3662\">09\/05\/2025 &#8211; Crema de Calabaza<\/a><div class=\"wp-block-latest-posts__post-excerpt\">Nuevos platos en la cuina comunitaria de 9 Barris, te esperamos \ud83d\ude0b<\/div><\/li>\n<li><div class=\"wp-block-latest-posts__featured-image alignleft\"><img width=\"120\" height=\"150\" src=\"https:\/\/web.somdelbarri.es\/wp-content\/uploads\/2025\/12\/491416987_1471388904239647_5119482888118282230_n.jpeg\" class=\"attachment-thumbnail size-thumbnail wp-post-image\" alt=\"\" decoding=\"async\" loading=\"lazy\" style=\"max-width:113px;max-height:113px;\" \/><\/div><a class=\"wp-block-latest-posts__post-title\" href=\"https:\/\/web.somdelbarri.es\/?p=3659\">28-30\/04\/2025 &#8211; Comida Sana y Vegana<\/a><div class=\"wp-block-latest-posts__post-excerpt\">Ven a buscar tu raci\u00f3n, la que mas te guste lista para comer \ud83d\ude0b\ud83c\udf7dEstamos en C\/Viladrosa,130Lunes y Martes a partir 17hMi\u00e9rcoles de 11-13h<\/div><\/li>\n<li><div class=\"wp-block-latest-posts__featured-image alignleft\"><img width=\"125\" height=\"150\" src=\"https:\/\/web.somdelbarri.es\/wp-content\/uploads\/2025\/12\/490040730_1442854723372953_4274347131575253317_n.jpeg\" class=\"attachment-thumbnail size-thumbnail wp-post-image\" alt=\"\" decoding=\"async\" loading=\"lazy\" style=\"max-width:113px;max-height:113px;\" \/><\/div><a class=\"wp-block-latest-posts__post-title\" href=\"https:\/\/web.somdelbarri.es\/?p=3643\">11\/04\/2025 \u2013 Lentejuelas<\/a><div class=\"wp-block-latest-posts__post-excerpt\">Nos vemos ma\u00f1ana, a las ricas Lentejuelas\ud83d\ude0b\ud83d\ude0b<\/div><\/li>\n<li><div class=\"wp-block-latest-posts__featured-image alignleft\"><img width=\"150\" height=\"150\" src=\"https:\/\/web.somdelbarri.es\/wp-content\/uploads\/2025\/12\/image-1-150x150.png\" class=\"attachment-thumbnail size-thumbnail wp-post-image\" alt=\"\" decoding=\"async\" loading=\"lazy\" style=\"max-width:113px;max-height:113px;\" \/><\/div><a class=\"wp-block-latest-posts__post-title\" href=\"https:\/\/web.somdelbarri.es\/?p=3650\">28\/03\/2025 &#8211; Feminismes Gitanos<\/a><div class=\"wp-block-latest-posts__post-excerpt\">Tenim moltes ganes de presentar aquesta trobada sobre que fem dins el marc del \ud83d\udfe38 de mar\u00e7\ud83d\udfe3 amb les companyes \u2728Paqui Perona i Alba Hern\u00e1ndez de Romnja Feminist Library\u2728 Per [&hellip;]<\/div><\/li>\n<li><div class=\"wp-block-latest-posts__featured-image alignleft\"><img width=\"150\" height=\"150\" src=\"https:\/\/web.somdelbarri.es\/wp-content\/uploads\/2025\/12\/image-150x150.png\" class=\"attachment-thumbnail size-thumbnail wp-post-image\" alt=\"\" decoding=\"async\" loading=\"lazy\" style=\"max-width:113px;max-height:113px;\" srcset=\"https:\/\/web.somdelbarri.es\/wp-content\/uploads\/2025\/12\/image-150x150.png 150w, https:\/\/web.somdelbarri.es\/wp-content\/uploads\/2025\/12\/image-300x300.png 300w, https:\/\/web.somdelbarri.es\/wp-content\/uploads\/2025\/12\/image-100x100.png 100w, https:\/\/web.somdelbarri.es\/wp-content\/uploads\/2025\/12\/image.png 359w\" sizes=\"(max-width: 150px) 100vw, 150px\" \/><\/div><a class=\"wp-block-latest-posts__post-title\" href=\"https:\/\/web.somdelbarri.es\/?p=3632\">14\/03\/2025 \u2013 Olla d\u2019escudella<\/a><div class=\"wp-block-latest-posts__post-excerpt\">Hoy nuestro caldo con verduras y garbanzos, qued\u00f3 riqu\u00edsimooo&#8230; Si no has podido venir, nos han quedado algunas raciones. P\u00e1sate por tu plato!<\/div><\/li>\n<\/ul>","protected":false},"excerpt":{"rendered":"","protected":false},"author":1,"featured_media":0,"parent":3299,"menu_order":1,"comment_status":"closed","ping_status":"closed","template":"","meta":[],"_links":{"self":[{"href":"https:\/\/web.somdelbarri.es\/index.php?rest_route=\/wp\/v2\/pages\/3636"}],"collection":[{"href":"https:\/\/web.somdelbarri.es\/index.php?rest_route=\/wp\/v2\/pages"}],"about":[{"href":"https:\/\/web.somdelbarri.es\/index.php?rest_route=\/wp\/v2\/types\/page"}],"author":[{"embeddable":true,"href":"https:\/\/web.somdelbarri.es\/index.php?rest_route=\/wp\/v2\/users\/1"}],"replies":[{"embeddable":true,"href":"https:\/\/web.somdelbarri.es\/index.php?rest_route=%2Fwp%2Fv2%2Fcomments&post=3636"}],"version-history":[{"count":6,"href":"https:\/\/web.somdelbarri.es\/index.php?rest_route=\/wp\/v2\/pages\/3636\/revisions"}],"predecessor-version":[{"id":3727,"href":"https:\/\/web.somdelbarri.es\/index.php?rest_route=\/wp\/v2\/pages\/3636\/revisions\/3727"}],"up":[{"embeddable":true,"href":"https:\/\/web.somdelbarri.es\/index.php?rest_route=\/wp\/v2\/pages\/3299"}],"wp:attachment":[{"href":"https:\/\/web.somdelbarri.es\/index.php?rest_route=%2Fwp%2Fv2%2Fmedia&parent=3636"}],"curies":[{"name":"wp","href":"https:\/\/api.w.org\/{rel}","templated":true}]}}

<ul class="wp-block-latest-posts__list wp-block-latest-posts"><li><div class="wp-block-latest-posts__featured-image alignleft"><img width="120" height="150" src="https://web.somdelbarri.es/wp-content/uploads/2025/12/Lunes-13-martes-14-Recoge-una-cena-rica-y-sabrosa-por-1E-tu-racion-400gr-de-crema-de-Calabaza.jpg" class="attachment-thumbnail size-thumbnail wp-post-image" alt="" decoding="async" loading="lazy" style="max-width:113px;max-height:113px;" /></div><a class="wp-block-latest-posts__post-title" href="https://web.somdelbarri.es/?p=3714">13-14/10/2025 &#8211; Crema de Calabaza</a><div class="wp-block-latest-posts__post-excerpt">Lunes 13, martes 14 Recoge una cena rica y sabrosa, por 1€ tu ración 400gr de crema de Calabaza 😋</div></li>
<li><div class="wp-block-latest-posts__featured-image alignleft"><img width="119" height="150" src="https://web.somdelbarri.es/wp-content/uploads/2025/12/Haz-tu-reserva-no-te-quedes-sin-😋-mensaje-por-DM-📥.jpg" class="attachment-thumbnail size-thumbnail wp-post-image" alt="" decoding="async" loading="lazy" style="max-width:113px;max-height:113px;" /></div><a class="wp-block-latest-posts__post-title" href="https://web.somdelbarri.es/?p=3681">11/07/2025 – Mandonguilles veganes</a><div class="wp-block-latest-posts__post-excerpt"></div></li>
<li><div class="wp-block-latest-posts__featured-image alignleft"><img width="150" height="150" src="https://web.somdelbarri.es/wp-content/uploads/2025/12/image-5-150x150.png" class="attachment-thumbnail size-thumbnail wp-post-image" alt="" decoding="async" loading="lazy" style="max-width:113px;max-height:113px;" /></div><a class="wp-block-latest-posts__post-title" href="https://web.somdelbarri.es/?p=3678">27/06/2025 – Amanida de llenties</a><div class="wp-block-latest-posts__post-excerpt"></div></li>
<li><div class="wp-block-latest-posts__featured-image alignleft"><img width="150" height="150" src="https://web.somdelbarri.es/wp-content/uploads/2025/12/image-4-150x150.png" class="attachment-thumbnail size-thumbnail wp-post-image" alt="" decoding="async" loading="lazy" style="max-width:113px;max-height:113px;" /></div><a class="wp-block-latest-posts__post-title" href="https://web.somdelbarri.es/?p=3675">13/06/2025 – Olla de vichyssoise</a><div class="wp-block-latest-posts__post-excerpt">Esta semana a la rica Vichyssoise, no te quedes sin 😋</div></li>
<li><div class="wp-block-latest-posts__featured-image alignleft"><img width="150" height="150" src="https://web.somdelbarri.es/wp-content/uploads/2025/12/image-3-150x150.png" class="attachment-thumbnail size-thumbnail wp-post-image" alt="" decoding="async" loading="lazy" style="max-width:113px;max-height:113px;" /></div><a class="wp-block-latest-posts__post-title" href="https://web.somdelbarri.es/?p=3672">06/06/2025 – Olla de calabacín</a><div class="wp-block-latest-posts__post-excerpt">Buenisima crema de calabacín este viernes en la cuina comunitaria de 9B. Te esperamos!!!😋😋</div></li>
<li><div class="wp-block-latest-posts__featured-image alignleft"><img width="150" height="150" src="https://web.somdelbarri.es/wp-content/uploads/2025/12/image-2-150x150.png" class="attachment-thumbnail size-thumbnail wp-post-image" alt="" decoding="async" loading="lazy" style="max-width:113px;max-height:113px;" /></div><a class="wp-block-latest-posts__post-title" href="https://web.somdelbarri.es/?p=3668">30/05/2025 – Gaspatxo</a><div class="wp-block-latest-posts__post-excerpt"></div></li>
<li><div class="wp-block-latest-posts__featured-image alignleft"><img width="120" height="150" src="https://web.somdelbarri.es/wp-content/uploads/2025/12/497508785_1379826466541760_4216340043654840271_n.jpeg" class="attachment-thumbnail size-thumbnail wp-post-image" alt="" decoding="async" loading="lazy" style="max-width:113px;max-height:113px;" /></div><a class="wp-block-latest-posts__post-title" href="https://web.somdelbarri.es/?p=3665">15/05/2025 &#8211; Taboule</a><div class="wp-block-latest-posts__post-excerpt">Esta semana nueva receta,ensalada de cous cous con garbanzos cocidos en nuestra marmita, con verduras y hierbas frescas.Ven a probarla,trae tu tupper 😊😋😋</div></li>
<li><div class="wp-block-latest-posts__featured-image alignleft"><img width="120" height="150" src="https://web.somdelbarri.es/wp-content/uploads/2025/12/495982366_718603227496190_4263397498649711948_n.jpeg" class="attachment-thumbnail size-thumbnail wp-post-image" alt="" decoding="async" loading="lazy" style="max-width:113px;max-height:113px;" /></div><a class="wp-block-latest-posts__post-title" href="https://web.somdelbarri.es/?p=3662">09/05/2025 &#8211; Crema de Calabaza</a><div class="wp-block-latest-posts__post-excerpt">Nuevos platos en la cuina comunitaria de 9 Barris, te esperamos 😋</div></li>
<li><div class="wp-block-latest-posts__featured-image alignleft"><img width="120" height="150" src="https://web.somdelbarri.es/wp-content/uploads/2025/12/491416987_1471388904239647_5119482888118282230_n.jpeg" class="attachment-thumbnail size-thumbnail wp-post-image" alt="" decoding="async" loading="lazy" style="max-width:113px;max-height:113px;" /></div><a class="wp-block-latest-posts__post-title" href="https://web.somdelbarri.es/?p=3659">28-30/04/2025 &#8211; Comida Sana y Vegana</a><div class="wp-block-latest-posts__post-excerpt">Ven a buscar tu ración, la que mas te guste lista para comer 😋🍽Estamos en C/Viladrosa,130Lunes y Martes a partir 17hMiércoles de 11-13h</div></li>
<li><div class="wp-block-latest-posts__featured-image alignleft"><img width="125" height="150" src="https://web.somdelbarri.es/wp-content/uploads/2025/12/490040730_1442854723372953_4274347131575253317_n.jpeg" class="attachment-thumbnail size-thumbnail wp-post-image" alt="" decoding="async" loading="lazy" style="max-width:113px;max-height:113px;" /></div><a class="wp-block-latest-posts__post-title" href="https://web.somdelbarri.es/?p=3643">11/04/2025 – Lentejuelas</a><div class="wp-block-latest-posts__post-excerpt">Nos vemos mañana, a las ricas Lentejuelas😋😋</div></li>
<li><div class="wp-block-latest-posts__featured-image alignleft"><img width="150" height="150" src="https://web.somdelbarri.es/wp-content/uploads/2025/12/image-1-150x150.png" class="attachment-thumbnail size-thumbnail wp-post-image" alt="" decoding="async" loading="lazy" style="max-width:113px;max-height:113px;" /></div><a class="wp-block-latest-posts__post-title" href="https://web.somdelbarri.es/?p=3650">28/03/2025 &#8211; Feminismes Gitanos</a><div class="wp-block-latest-posts__post-excerpt">Tenim moltes ganes de presentar aquesta trobada sobre que fem dins el marc del 🟣8 de març🟣 amb les companyes ✨Paqui Perona i Alba Hernández de Romnja Feminist Library✨ Per [&hellip;]</div></li>
<li><div class="wp-block-latest-posts__featured-image alignleft"><img width="150" height="150" src="https://web.somdelbarri.es/wp-content/uploads/2025/12/image-150x150.png" class="attachment-thumbnail size-thumbnail wp-post-image" alt="" decoding="async" loading="lazy" style="max-width:113px;max-height:113px;" srcset="https://web.somdelbarri.es/wp-content/uploads/2025/12/image-150x150.png 150w, https://web.somdelbarri.es/wp-content/uploads/2025/12/image-300x300.png 300w, https://web.somdelbarri.es/wp-content/uploads/2025/12/image-100x100.png 100w, https://web.somdelbarri.es/wp-content/uploads/2025/12/image.png 359w" sizes="(max-width: 150px) 100vw, 150px" /></div><a class="wp-block-latest-posts__post-title" href="https://web.somdelbarri.es/?p=3632">14/03/2025 – Olla d’escudella</a><div class="wp-block-latest-posts__post-excerpt">Hoy nuestro caldo con verduras y garbanzos, quedó riquísimooo&#8230; Si no has podido venir, nos han quedado algunas raciones. Pásate por tu plato!</div></li>
</ul>
