{"id":2788,"date":"2022-11-28T11:56:14","date_gmt":"2022-11-28T11:56:14","guid":{"rendered":"https:\/\/web.somdelbarri.es\/?page_id=2788"},"modified":"2025-12-25T23:33:29","modified_gmt":"2025-12-25T23:33:29","slug":"taller-de-manipulacio-de-fil-ferro","status":"publish","type":"page","link":"https:\/\/web.somdelbarri.es\/?page_id=2788","title":{"rendered":"Taller de Macram\u00e9"},"content":{"rendered":"<div id=\"pl-2788\"  class=\"panel-layout\" ><div id=\"pg-2788-0\"  class=\"panel-grid panel-no-style\" ><div id=\"pgc-2788-0-0\"  class=\"panel-grid-cell\" ><div id=\"panel-2788-0-0-0\" class=\"so-panel widget widget_moesia_blockquote moesia_blockquote_widget panel-first-child panel-last-child\" data-index=\"0\" >\t\t<section id=\"blockquote\" class=\"blockquote-area\">\n\t\t\t<div class=\"container\">\t\t\t\n\t\t\t\t<h3 class=\"widget-title\"><span class=\"wow bounce\">Taller de macram\u00e9<\/span><\/h3>\t\t\t\t\t\t\t\t\t<div class=\"bq-text col-md-12\">\n\t\t\t\t\t\t\t\t\t<blockquote class=\"wow fadeInUp\">Taller d&#039;iniciaci\u00f3 amb t\u00e8cniques de macram\u00e9<\/blockquote>\n\t\t\t\t\t<cite class=\"wow fadeInUp\"><\/cite>\n\t\t\t\t<\/div>\t\n\t\t\t<\/div>\t\t\n\t\t<\/section>\t\t\n\t<\/div><\/div><\/div><div id=\"pg-2788-1\"  class=\"panel-grid panel-no-style\" ><div id=\"pgc-2788-1-0\"  class=\"panel-grid-cell\" ><div id=\"panel-2788-1-0-0\" class=\"so-panel widget widget_moesia_skills moesia_skills_widget panel-first-child panel-last-child\" data-index=\"1\" >\t\t<section id=\"skills\" class=\"skills-area\">\n\t\t\t<div class=\"container\">\n\t\t\t\t<h3 class=\"widget-title\"><span class=\"wow bounce\">APTITUDS<\/span><\/h3>\t\t\t\t\t\t\t\t<div class=\"skills-list col-md-6 col-sm-6\">\n\t\t\t\t\t<div class=\"col-md-2 wow fadeIn\">Artesania:<\/div><div class=\"skill-bar col-md-10\" id=\"80\"><div><\/div><\/div>\t\t\t\t\t\t\t\t\n\t\t\t\t<\/div>\n\t\t\t<\/div>\n\t\t\t\t\t\t\t\t\t\t\t\t\t\n\t\t<\/section>\t\t\n\t<\/div><\/div><\/div><div id=\"pg-2788-2\"  class=\"panel-grid panel-no-style\" ><div id=\"pgc-2788-2-0\"  class=\"panel-grid-cell\" ><div id=\"panel-2788-2-0-0\" class=\"so-panel widget widget_text panel-first-child panel-last-child\" data-index=\"2\" >\t\t\t<div class=\"textwidget\"><\/div>\n\t\t<\/div><\/div><\/div><div id=\"pg-2788-3\"  class=\"panel-grid panel-no-style\" ><div id=\"pgc-2788-3-0\"  class=\"panel-grid-cell\" ><div id=\"panel-2788-3-0-0\" class=\"so-panel widget widget_moesia_facts moesia_facts_widget panel-first-child panel-last-child\" data-index=\"3\" >\t\t<section id=\"facts\" class=\"facts-area\">\n\t\t\t<div class=\"container\">\n\t\t\t\t<h3 class=\"widget-title\"><span class=\"wow bounce\">ESPECIFICS<\/span><\/h3>\t\t\t\t\t\t\t\t\t<div class=\"col-md-3 col-sm-3 col-xs-6\">\n\t\t\t\t\t\t<span class=\"fact wow rotateIn\" id=\"1\">0<\/span>\n\t\t\t\t\t\t<div class=\"fact-name wow fadeInUp\">Numero de sessions<\/div>\n\t\t\t\t\t<\/div>\n\t\t\t\t\t\t\t\t\t\t\t\t\t<div class=\"col-md-3 col-sm-3 col-xs-6\">\n\t\t\t\t\t\t<span class=\"fact wow rotateIn\" id=\"3\">0<\/span>\n\t\t\t\t\t\t<div class=\"fact-name wow fadeInUp\">Hores per sessio<\/div>\n\t\t\t\t\t<\/div>\n\t\t\t\t\t\t\t\t\t\t\t\t\t<div class=\"col-md-3 col-sm-3 col-xs-6\">\n\t\t\t\t\t\t<span class=\"fact wow rotateIn\" id=\"10\">0<\/span>\n\t\t\t\t\t\t<div class=\"fact-name wow fadeInUp\">Maxim de persones per sessio<\/div>\n\t\t\t\t\t<\/div>\n\t\t\t\t\t\t\t\t\t\t\t\t\t<div class=\"col-md-3 col-sm-3 col-xs-6\">\n\t\t\t\t\t\t<span class=\"fact wow rotateIn\" id=\"50\">0<\/span>\n\t\t\t\t\t\t<div class=\"fact-name wow fadeInUp\">Preu\/hora (grup)<\/div>\n\t\t\t\t\t<\/div>\n\t\t\t\t\t\t\t\t\t\t\t\t\t\t\t\t\t\t\t\t\t\t\t\n\t\t\t<\/div>\n\t\t\t\t\t\t\t\t\t\t\t\t\n\t\t<\/section>\t\t\t\t\n\t<\/div><\/div><\/div><div id=\"pg-2788-4\"  class=\"panel-grid panel-no-style\" ><div id=\"pgc-2788-4-0\"  class=\"panel-grid-cell\" ><div id=\"panel-2788-4-0-0\" class=\"so-panel widget widget_text panel-first-child panel-last-child\" data-index=\"4\" >\t\t\t<div class=\"textwidget\"><p>&nbsp;<\/p>\n<p>Si ets una entitat i vols contractar algun dels nostres tallers o tens qualsevol dubte o vols que et construim un taller a mida, escriu-nos a <a href=\"mailto:somdelbarri@gmail.com\">somdelbarri@gmail.com<\/a> o truca al <a href=\"tel:651500315\">651500315<\/a> .<\/p>\n<p>&nbsp;<\/p>\n<\/div>\n\t\t<\/div><\/div><\/div><\/div>","protected":false},"excerpt":{"rendered":"<p>Taller de macram\u00e9 Taller d&#039;iniciaci\u00f3 amb t\u00e8cniques de macram\u00e9 APTITUDS Artesania: ESPECIFICS 0 Numero de sessions 0 Hores per sessio 0 Maxim de persones per sessio 0 Preu\/hora (grup) &nbsp; [&hellip;]<\/p>\n","protected":false},"author":1,"featured_media":0,"parent":3766,"menu_order":0,"comment_status":"closed","ping_status":"closed","template":"page_front-page.php","meta":[],"_links":{"self":[{"href":"https:\/\/web.somdelbarri.es\/index.php?rest_route=\/wp\/v2\/pages\/2788"}],"collection":[{"href":"https:\/\/web.somdelbarri.es\/index.php?rest_route=\/wp\/v2\/pages"}],"about":[{"href":"https:\/\/web.somdelbarri.es\/index.php?rest_route=\/wp\/v2\/types\/page"}],"author":[{"embeddable":true,"href":"https:\/\/web.somdelbarri.es\/index.php?rest_route=\/wp\/v2\/users\/1"}],"replies":[{"embeddable":true,"href":"https:\/\/web.somdelbarri.es\/index.php?rest_route=%2Fwp%2Fv2%2Fcomments&post=2788"}],"version-history":[{"count":9,"href":"https:\/\/web.somdelbarri.es\/index.php?rest_route=\/wp\/v2\/pages\/2788\/revisions"}],"predecessor-version":[{"id":3383,"href":"https:\/\/web.somdelbarri.es\/index.php?rest_route=\/wp\/v2\/pages\/2788\/revisions\/3383"}],"up":[{"embeddable":true,"href":"https:\/\/web.somdelbarri.es\/index.php?rest_route=\/wp\/v2\/pages\/3766"}],"wp:attachment":[{"href":"https:\/\/web.somdelbarri.es\/index.php?rest_route=%2Fwp%2Fv2%2Fmedia&parent=2788"}],"curies":[{"name":"wp","href":"https:\/\/api.w.org\/{rel}","templated":true}]}}

Taller de Macramé

<div id="pl-2788"  class="panel-layout" ><div id="pg-2788-0"  class="panel-grid panel-no-style" ><div id="pgc-2788-0-0"  class="panel-grid-cell" ><div id="panel-2788-0-0-0" class="so-panel widget widget_moesia_blockquote moesia_blockquote_widget panel-first-child panel-last-child" data-index="0" >		<section id="blockquote" class="blockquote-area">
			<div class="container">			
				<h3 class="widget-title"><span class="wow bounce">Taller de macramé</span></h3>									<div class="bq-text col-md-12">
									<blockquote class="wow fadeInUp">Taller d&#039;iniciació amb tècniques de macramé</blockquote>
					<cite class="wow fadeInUp"></cite>
				</div>	
			</div>		
		</section>		
	</div></div></div><div id="pg-2788-1"  class="panel-grid panel-no-style" ><div id="pgc-2788-1-0"  class="panel-grid-cell" ><div id="panel-2788-1-0-0" class="so-panel widget widget_moesia_skills moesia_skills_widget panel-first-child panel-last-child" data-index="1" >		<section id="skills" class="skills-area">
			<div class="container">
				<h3 class="widget-title"><span class="wow bounce">APTITUDS</span></h3>								<div class="skills-list col-md-6 col-sm-6">
					<div class="col-md-2 wow fadeIn">Artesania:</div><div class="skill-bar col-md-10" id="80"><div></div></div>								
				</div>
			</div>
													
		</section>		
	</div></div></div><div id="pg-2788-2"  class="panel-grid panel-no-style" ><div id="pgc-2788-2-0"  class="panel-grid-cell" ><div id="panel-2788-2-0-0" class="so-panel widget widget_text panel-first-child panel-last-child" data-index="2" >			<div class="textwidget"></div>
		</div></div></div><div id="pg-2788-3"  class="panel-grid panel-no-style" ><div id="pgc-2788-3-0"  class="panel-grid-cell" ><div id="panel-2788-3-0-0" class="so-panel widget widget_moesia_facts moesia_facts_widget panel-first-child panel-last-child" data-index="3" >		<section id="facts" class="facts-area">
			<div class="container">
				<h3 class="widget-title"><span class="wow bounce">ESPECIFICS</span></h3>									<div class="col-md-3 col-sm-3 col-xs-6">
						<span class="fact wow rotateIn" id="1">0</span>
						<div class="fact-name wow fadeInUp">Numero de sessions</div>
					</div>
													<div class="col-md-3 col-sm-3 col-xs-6">
						<span class="fact wow rotateIn" id="3">0</span>
						<div class="fact-name wow fadeInUp">Hores per sessio</div>
					</div>
													<div class="col-md-3 col-sm-3 col-xs-6">
						<span class="fact wow rotateIn" id="10">0</span>
						<div class="fact-name wow fadeInUp">Maxim de persones per sessio</div>
					</div>
													<div class="col-md-3 col-sm-3 col-xs-6">
						<span class="fact wow rotateIn" id="50">0</span>
						<div class="fact-name wow fadeInUp">Preu/hora (grup)</div>
					</div>
																							
			</div>
												
		</section>				
	</div></div></div><div id="pg-2788-4"  class="panel-grid panel-no-style" ><div id="pgc-2788-4-0"  class="panel-grid-cell" ><div id="panel-2788-4-0-0" class="so-panel widget widget_text panel-first-child panel-last-child" data-index="4" >			<div class="textwidget"><p>&nbsp;</p>
<p>Si ets una entitat i vols contractar algun dels nostres tallers o tens qualsevol dubte o vols que et construim un taller a mida, escriu-nos a <a href="mailto:somdelbarri@gmail.com">somdelbarri@gmail.com</a> o truca al <a href="tel:651500315">651500315</a> .</p>
<p>&nbsp;</p>
</div>
		</div></div></div></div>

<p>Taller de macramé Taller d&#039;iniciació amb tècniques de macramé APTITUDS Artesania: ESPECIFICS 0 Numero de sessions 0 Hores per sessio 0 Maxim de persones per sessio 0 Preu/hora (grup) &nbsp; [&hellip;]</p>
