{"id":2040,"date":"2014-07-14T22:58:20","date_gmt":"2014-07-14T22:58:20","guid":{"rendered":"http:\/\/demo.athemes.com\/moesia\/?page_id=2040"},"modified":"2025-12-30T22:12:40","modified_gmt":"2025-12-30T22:12:40","slug":"front-page","status":"publish","type":"page","link":"https:\/\/web.somdelbarri.es\/","title":{"rendered":"Som del Barri"},"content":{"rendered":"<div id=\"pl-2040\"  class=\"panel-layout\" ><div id=\"pg-2040-0\"  class=\"panel-grid panel-has-style\" ><div class=\"hello panel-row-style panel-row-style-for-2040-0\" ><div id=\"pgc-2040-0-0\"  class=\"panel-grid-cell panel-grid-cell-empty\" ><\/div><\/div><\/div><div id=\"pg-2040-1\"  class=\"panel-grid panel-no-style\" ><div id=\"pgc-2040-1-0\"  class=\"panel-grid-cell\" ><div id=\"panel-2040-1-0-0\" class=\"so-panel widget widget_moesia_action moesia_action_widget panel-first-child panel-last-child\" data-index=\"0\" ><div class=\"panel-widget-style panel-widget-style-for-2040-1-0-0\" >\t\t<section id=\"call-to-action\" class=\"action-area\">\n\t\t\t<div class=\"container\">\n\t\t\t\t\t\t\t\t\t\t\t\t\n\t\t\t\t\t<div class=\"action-text wow zoomIn\">\n\t\t\t\t\t\tLluitem per l&#039;empoderament personal, l&#039;autoestima, per a conciliar la vida laboral amb la personal\t\t\t\t\t<\/div>\n\t\t\t\t\t\t\t\t\t\t\t<\/div>\n\t\t\t\t\t<style type=\"text\/css\">\n\t\t\t\t.action-area {\n\t\t\t\t    display: block;\t\t\t    \n\t\t\t\t\tbackground: url(https:\/\/web.somdelbarri.es\/wp-content\/uploads\/2022\/11\/roquetes2.jpg) no-repeat;\n\t\t\t\t\tbackground-position: center top;\n\t\t\t\t\tbackground-attachment: fixed;\n\t\t\t\t\tbackground-size: cover;\n\t\t\t\t\tz-index: -1;\n\t\t\t\t}\n\t\t\t<\/style>\n\t\t\t\t\t\t\t\t\t\t\t\t\t\n\t\t<\/section>\t\t\n\t<\/div><\/div><\/div><\/div><div id=\"pg-2040-2\"  class=\"panel-grid panel-no-style\" ><div id=\"pgc-2040-2-0\"  class=\"panel-grid-cell\" ><div id=\"panel-2040-2-0-0\" class=\"so-panel widget widget_moesia_latest_news moesia_latest_news_widget panel-first-child\" data-index=\"1\" >\t\t<section id=\"latest-news\" class=\"latest-news-area\">\n\t\t\t<div class=\"container\">\n\t\t\t\t<h3 class=\"widget-title\"><span class=\"wow bounce\">Ultimes noticies<\/span><\/h3>\t\t\t\t<div class=\"clearfix\">\n\t\t\t\t\t\t\t\t\t\t\t<div class=\"blog-post col-md-4 col-sm-6 col-xs-6\">\n\t\t\t\t\t\t\t\t\t\t\t\t\t\t\t<div class=\"entry-thumb wow fadeInDown\">\n\t\t\t\t\t\t\t\t\t<a href=\"https:\/\/web.somdelbarri.es\/?p=3688\" title=\"19 a 30 Desembre 2025 &#8211; VISITEU A LES NOSTRES ARTESANES A LA FIRA &#8211; 11a Fira de Consum Responsable i d&#8217;Economia Social i Solid\u00e0ria\" >\n\t\t\t\t\t\t\t\t\t\t<img width=\"400\" height=\"93\" src=\"https:\/\/web.somdelbarri.es\/wp-content\/uploads\/2025\/12\/image-7-400x93.png\" class=\"attachment-moesia-news-thumb size-moesia-news-thumb wp-post-image\" alt=\"\" decoding=\"async\" loading=\"lazy\" srcset=\"https:\/\/web.somdelbarri.es\/wp-content\/uploads\/2025\/12\/image-7-400x93.png 400w, https:\/\/web.somdelbarri.es\/wp-content\/uploads\/2025\/12\/image-7-300x69.png 300w, https:\/\/web.somdelbarri.es\/wp-content\/uploads\/2025\/12\/image-7-1024x237.png 1024w, https:\/\/web.somdelbarri.es\/wp-content\/uploads\/2025\/12\/image-7-768x178.png 768w, https:\/\/web.somdelbarri.es\/wp-content\/uploads\/2025\/12\/image-7-1536x355.png 1536w, https:\/\/web.somdelbarri.es\/wp-content\/uploads\/2025\/12\/image-7-750x173.png 750w, https:\/\/web.somdelbarri.es\/wp-content\/uploads\/2025\/12\/image-7-430x99.png 430w, https:\/\/web.somdelbarri.es\/wp-content\/uploads\/2025\/12\/image-7-150x35.png 150w, https:\/\/web.somdelbarri.es\/wp-content\/uploads\/2025\/12\/image-7-100x23.png 100w, https:\/\/web.somdelbarri.es\/wp-content\/uploads\/2025\/12\/image-7.png 1600w\" sizes=\"(max-width: 400px) 100vw, 400px\" \/>\t\t\t\t\t\t\t\t\t<\/a>\t\t\t\n\t\t\t\t\t\t\t\t<\/div>\t\n\t\t\t\t\t\t\t\t\t\t\t\t\t\n\t\t\t\t\t\t\t<h4 class=\"entry-title\"><a href=\"https:\/\/web.somdelbarri.es\/?p=3688\" rel=\"bookmark\">19 a 30 Desembre 2025 &#8211; VISITEU A LES NOSTRES ARTESANES A LA FIRA &#8211; 11a Fira de Consum Responsable i d&#8217;Economia Social i Solid\u00e0ria<\/a><\/h4>\t\t\t\t\t\t\t<div class=\"entry-summary wow fadeInUp\"><p>Les nostres artesanes participaran des del 19 al 30 de Desembre a la Fira de Consum Responsable i d&#8217;Economia Social i Solid\u00e0ria. Les podreu trobar en Pla\u00e7a de Catalunya a [&hellip;]<\/p>\n<\/div>\n\t\t\t\t\t\t<\/div>\n\t\t\t\t\t\t\t\t\t\t\t<div class=\"blog-post col-md-4 col-sm-6 col-xs-6\">\n\t\t\t\t\t\t\t\t\t\t\t\t\t\n\t\t\t\t\t\t\t<h4 class=\"entry-title\"><a href=\"https:\/\/web.somdelbarri.es\/?p=4000\" rel=\"bookmark\">CLUB DE CUINA divendres 10 abril 17:00 Casal Popular 3 Voltes Rebel. T&#8217;apuntes?<\/a><\/h4>\t\t\t\t\t\t\t<div class=\"entry-summary wow fadeInUp\"><\/div>\n\t\t\t\t\t\t<\/div>\n\t\t\t\t\t\t\t\t\t\t\t<div class=\"blog-post col-md-4 col-sm-6 col-xs-6\">\n\t\t\t\t\t\t\t\t\t\t\t\t\t\n\t\t\t\t\t\t\t<h4 class=\"entry-title\"><a href=\"https:\/\/web.somdelbarri.es\/?p=3993\" rel=\"bookmark\">Cal\u00e7otada i Celebraci\u00f3 Aniversari Som del Barri<\/a><\/h4>\t\t\t\t\t\t\t<div class=\"entry-summary wow fadeInUp\"><p>Aquest febrer la nostra associaci\u00f3 fa 9 anys. Hi serem amb les nostres artesanes i fent difusi\u00f3 dels nostres projectes i campanya de s\u00f2cies. Apropa&#8217;t i gaudeix amb nosaltres i [&hellip;]<\/p>\n<\/div>\n\t\t\t\t\t\t<\/div>\n\t\t\t\t\t\t\t\t\t\t\t<div class=\"blog-post col-md-4 col-sm-6 col-xs-6\">\n\t\t\t\t\t\t\t\t\t\t\t\t\t\n\t\t\t\t\t\t\t<h4 class=\"entry-title\"><a href=\"https:\/\/web.somdelbarri.es\/?p=3991\" rel=\"bookmark\">Sobirania Alimentaria en territoris feministes<\/a><\/h4>\t\t\t\t\t\t\t<div class=\"entry-summary wow fadeInUp\"><p>Diagn\u00f2stic pel dret a l&#8217;alimentaci\u00f3 amb perspectiva ecofeminista a LLeida, Tarragona i BCN Som del Barri ha participat d&#8217;aquest diagn\u00f2stic i us animem a veure-ho<\/p>\n<\/div>\n\t\t\t\t\t\t<\/div>\n\t\t\t\t\t\t\t\t\t<\/div>\n\t\t\t\t\t\t\t\t\t\t\t\t<a href=\"https:\/\/web.somdelbarri.es\/?page_id=735\" class=\"all-news\">\n\t\t\t\t\t\t\t\t\t\t\t\t\t\t\tVer todas nuestras noticias\t\t\t\t\t\n\t\t\t\t\t\t\t\t\t<\/a>\n\t\t\t<\/div>\n\t\t\t\t\t\t\n\t\t<\/section>\t\t\n\t<\/div><div id=\"panel-2040-2-0-1\" class=\"so-panel widget widget_media_image panel-last-child\" data-index=\"2\" ><img width=\"2560\" height=\"1706\" src=\"https:\/\/web.somdelbarri.es\/wp-content\/uploads\/2024\/11\/15_11_24_Inauguracio-2.jpeg\" class=\"image wp-image-3546  attachment-full size-full\" alt=\"\" decoding=\"async\" loading=\"lazy\" style=\"max-width: 100%; height: auto;\" \/><\/div><\/div><\/div><div id=\"pg-2040-3\"  class=\"panel-grid panel-no-style\" ><div id=\"pgc-2040-3-0\"  class=\"panel-grid-cell\" ><div id=\"panel-2040-3-0-0\" class=\"so-panel widget widget_moesia_action moesia_action_widget panel-first-child panel-last-child\" data-index=\"3\" ><div class=\"panel-widget-style panel-widget-style-for-2040-3-0-0\" >\t\t<section id=\"call-to-action\" class=\"action-area\">\n\t\t\t<div class=\"container\">\n\t\t\t\t\t\t\t\t\t\t\t\t\n\t\t\t\t\t<div class=\"action-text wow zoomIn\">\n\t\t\t\t\t\tMai no deixem d&#039;aprendre\t\t\t\t\t<\/div>\n\t\t\t\t\t\t\t\t\t\t\t<\/div>\n\t\t\t\t\t<style type=\"text\/css\">\n\t\t\t\t.action-area {\n\t\t\t\t    display: block;\t\t\t    \n\t\t\t\t\tbackground: url(https:\/\/web.somdelbarri.es\/wp-content\/uploads\/2022\/11\/roquetes2.jpg) no-repeat;\n\t\t\t\t\tbackground-position: center top;\n\t\t\t\t\tbackground-attachment: fixed;\n\t\t\t\t\tbackground-size: cover;\n\t\t\t\t\tz-index: -1;\n\t\t\t\t}\n\t\t\t<\/style>\n\t\t\t\t\t\t\t\t\t\t\t\t\t\n\t\t<\/section>\t\t\n\t<\/div><\/div><\/div><\/div><div id=\"pg-2040-4\"  class=\"panel-grid panel-no-style\" ><div id=\"pgc-2040-4-0\"  class=\"panel-grid-cell panel-grid-cell-empty\" ><\/div><\/div><div id=\"pg-2040-5\"  class=\"panel-grid panel-has-style\" ><div style=\"background-image: url(http:\/\/demo.athemes.com\/moesia\/wp-content\/uploads\/sites\/25\/2011\/05\/internet-295264.png); \" class=\"panel-row-style panel-row-style-for-2040-5\" ><div id=\"pgc-2040-5-0\"  class=\"panel-grid-cell\" ><div id=\"panel-2040-5-0-0\" class=\"so-panel widget widget_fp_social panel-first-child panel-last-child\" data-index=\"4\" ><div class=\"panel-widget-style panel-widget-style-for-2040-5-0-0\" >\t\t<section id=\"social\" class=\"social-area\">\t\t\n\n\t\t<h3 class=\"widget-title\"><span class=\"wow bounce\">Som a instagram<\/span><\/h3>\t\t\t<div class=\"container wow zoomInUp\">\n\t\t\t\t<div class=\"menu-social-container\"><ul id=\"menu-social\" class=\"menu clearfix\"><li id=\"menu-item-2515\" class=\"menu-item menu-item-type-custom menu-item-object-custom menu-item-2515\"><a href=\"https:\/\/www.instagram.com\/som.del.barri\/\"><span class=\"screen-reader-text\">Instagram<\/span><\/a><\/li>\n<\/ul><\/div>\t\t\t<\/div>\n\t\t<\/section>\n\t\t\t\t\t<style type=\"text\/css\">\n\t\t\t\t.social-area {\n\t\t\t\t    display: block;\t\t\t    \n\t\t\t\t\tbackground: url(https:\/\/web.somdelbarri.es\/wp-content\/uploads\/2022\/11\/Xarxa-totes.jpeg) no-repeat;\n\t\t\t\t\tbackground-position: center top;\n\t\t\t\t\tbackground-attachment: fixed;\n\t\t\t\t\tbackground-size: cover;\n\t\t\t\t\tz-index: -1;\n\t\t\t\t}\n\t\t\t<\/style>\n\t\t<\/div><\/div><\/div><\/div><\/div><div id=\"pg-2040-6\"  class=\"panel-grid panel-no-style\" ><div id=\"pgc-2040-6-0\"  class=\"panel-grid-cell\" ><div id=\"panel-2040-6-0-0\" class=\"so-panel widget widget_moesia_projects moesia_projects_widget panel-first-child panel-last-child\" data-index=\"5\" >\t\t<section id=\"projects\" class=\"projects-area\">\n\t\t\t<div class=\"container\">\n\t\t\t\t<h3 class=\"widget-title\"><span class=\"wow bounce\">Galeria d&#8217;actes<\/span><\/h3>\t\t\t\t\n\t\t\t\t\t\t\t\t\n\t\t\t\t\t\t\t\t\t\t\t\t\t\t\t\t\t\t\t<div class=\"project col-md-4 col-sm-6 col-xs-6 wow zoomIn\">\n\t\t\t\t\t\t<div class=\"project-image\">\n\t\t\t\t\t\t\t\t\t\t\t\t\t\t\t\t\t\t\t\t\t\t<a class=\"link-icon\" href=\"https:\/\/web.somdelbarri.es\/?projects=fes-te-socia\" title=\"Fes-te s\u00f2cia\"><i class=\"fa fa-link\"><\/i><\/a>\n\t\t\t\t\t\t\t\t\t\t\t\t\t\t\t\t\t\t\t\t\t\t\t\t\t\t\t\t<a class=\"pp-icon\" href=\"\" rel=\"prettyPhoto[pp_gallery]\"><i class=\"fa fa-search\"><\/i><\/a>\n\t\t\t\t\t\t\t\t\t\t\t\t\t\t\t\t\t\t\t\t\n\t\t\t\t\t\t<\/div>\n\t\t\t\t\t<\/div>\n\t\t\t\t\t\t\t\t\t\t\t\t\t\t\t\t\t\t\t<div class=\"project col-md-4 col-sm-6 col-xs-6 wow zoomIn\">\n\t\t\t\t\t\t<div class=\"project-image\">\n\t\t\t\t\t\t\t<img width=\"350\" height=\"231\" src=\"https:\/\/web.somdelbarri.es\/wp-content\/uploads\/2014\/07\/e04a22de-4a19-4177-af5f-96c689c5a8a5-1.jpg\" class=\"attachment-project-image size-project-image wp-post-image\" alt=\"\" decoding=\"async\" loading=\"lazy\" \/>\t\t\t\t\t\t\t\t\t\t\t\t\t\t\t<a class=\"link-icon\" href=\"https:\/\/web.somdelbarri.es\/?projects=artesanas-y-economia-circular\" title=\"Artesanas y Economia Circular\"><i class=\"fa fa-link\"><\/i><\/a>\n\t\t\t\t\t\t\t\t\t\t\t\t\t\t\t\t\t\t\t\t\t\t\t\t\t\t\t\t<a class=\"pp-icon\" href=\"https:\/\/web.somdelbarri.es\/wp-content\/uploads\/2014\/07\/e04a22de-4a19-4177-af5f-96c689c5a8a5-1.jpg\" rel=\"prettyPhoto[pp_gallery]\"><i class=\"fa fa-search\"><\/i><\/a>\n\t\t\t\t\t\t\t\t\t\t\t\t\t\t\t\t\t\t\t\t\n\t\t\t\t\t\t<\/div>\n\t\t\t\t\t<\/div>\n\t\t\t\t\t\t\t\t\t\t\t\t\t\t\t\t\t\t\t<div class=\"project col-md-4 col-sm-6 col-xs-6 wow zoomIn\">\n\t\t\t\t\t\t<div class=\"project-image\">\n\t\t\t\t\t\t\t<img width=\"250\" height=\"250\" src=\"https:\/\/web.somdelbarri.es\/wp-content\/uploads\/2023\/09\/SomDonesMon_logo.jpg\" class=\"attachment-project-image size-project-image wp-post-image\" alt=\"\" decoding=\"async\" loading=\"lazy\" \/>\t\t\t\t\t\t\t\t\t\t\t\t\t\t\t<a class=\"link-icon\" href=\"https:\/\/web.somdelbarri.es\/?projects=projecte-amb-persones-sense-sostre-som-dones-del-mon\" title=\"Projecte amb persones sense sostre: Som Dones del M\u00f3n\"><i class=\"fa fa-link\"><\/i><\/a>\n\t\t\t\t\t\t\t\t\t\t\t\t\t\t\t\t\t\t\t\t\t\t\t\t\t\t\t\t<a class=\"pp-icon\" href=\"https:\/\/web.somdelbarri.es\/wp-content\/uploads\/2023\/09\/SomDonesMon_logo.jpg\" rel=\"prettyPhoto[pp_gallery]\"><i class=\"fa fa-search\"><\/i><\/a>\n\t\t\t\t\t\t\t\t\t\t\t\t\t\t\t\t\t\t\t\t\n\t\t\t\t\t\t<\/div>\n\t\t\t\t\t<\/div>\n\t\t\t\t\t\t\t\t\t\t\t\t\t\t\t\t\t\t\t<div class=\"project col-md-4 col-sm-6 col-xs-6 wow zoomIn\">\n\t\t\t\t\t\t<div class=\"project-image\">\n\t\t\t\t\t\t\t<img width=\"177\" height=\"250\" src=\"https:\/\/web.somdelbarri.es\/wp-content\/uploads\/2023\/09\/inauguracio-1.jpeg\" class=\"attachment-project-image size-project-image wp-post-image\" alt=\"Invitaci\u00f3 Inauguraci\u00f3 local 12\/9\/2023.\" decoding=\"async\" loading=\"lazy\" \/>\t\t\t\t\t\t\t\t\t\t\t\t\t\t\t<a class=\"link-icon\" href=\"https:\/\/web.somdelbarri.es\/?projects=one-more-project\" title=\"Projecte d&#8217;Inserci\u00f3 Laboral: \u00abCostura i Disseny S.K\u00bb\"><i class=\"fa fa-link\"><\/i><\/a>\n\t\t\t\t\t\t\t\t\t\t\t\t\t\t\t\t\t\t\t\t\t\t\t\t\t\t\t\t<a class=\"pp-icon\" href=\"https:\/\/web.somdelbarri.es\/wp-content\/uploads\/2023\/09\/inauguracio-1.jpeg\" rel=\"prettyPhoto[pp_gallery]\"><i class=\"fa fa-search\"><\/i><\/a>\n\t\t\t\t\t\t\t\t\t\t\t\t\t\t\t\t\t\t\t\t\n\t\t\t\t\t\t<\/div>\n\t\t\t\t\t<\/div>\n\t\t\t\t\t\t\t<\/div>\n\t\t\t\t\t\t\n\t\t\t\t\t\t\n\t\t<\/section>\t\t\n\t<\/div><\/div><\/div><\/div>","protected":false},"excerpt":{"rendered":"","protected":false},"author":1,"featured_media":3397,"parent":0,"menu_order":0,"comment_status":"open","ping_status":"open","template":"page_front-page.php","meta":[],"_links":{"self":[{"href":"https:\/\/web.somdelbarri.es\/index.php?rest_route=\/wp\/v2\/pages\/2040"}],"collection":[{"href":"https:\/\/web.somdelbarri.es\/index.php?rest_route=\/wp\/v2\/pages"}],"about":[{"href":"https:\/\/web.somdelbarri.es\/index.php?rest_route=\/wp\/v2\/types\/page"}],"author":[{"embeddable":true,"href":"https:\/\/web.somdelbarri.es\/index.php?rest_route=\/wp\/v2\/users\/1"}],"replies":[{"embeddable":true,"href":"https:\/\/web.somdelbarri.es\/index.php?rest_route=%2Fwp%2Fv2%2Fcomments&post=2040"}],"version-history":[{"count":80,"href":"https:\/\/web.somdelbarri.es\/index.php?rest_route=\/wp\/v2\/pages\/2040\/revisions"}],"predecessor-version":[{"id":3986,"href":"https:\/\/web.somdelbarri.es\/index.php?rest_route=\/wp\/v2\/pages\/2040\/revisions\/3986"}],"wp:featuredmedia":[{"embeddable":true,"href":"https:\/\/web.somdelbarri.es\/index.php?rest_route=\/wp\/v2\/media\/3397"}],"wp:attachment":[{"href":"https:\/\/web.somdelbarri.es\/index.php?rest_route=%2Fwp%2Fv2%2Fmedia&parent=2040"}],"curies":[{"name":"wp","href":"https:\/\/api.w.org\/{rel}","templated":true}]}}